 570/(-19))?
34
Let i = 11997 + -11786. What is the remainder when i is divided by 102?
7
Suppose -141*k + 3791 = -1990. Calculate the remainder when 3471 is divided by k.
27
Suppose -4*v + 8 = -3*n, -3*n + 19*v = 23*v - 32. Suppose 46 = 5*k + 4*f - n, -4*f = -2*k + 48. Calculate the remainder when 36 is divided by k.
8
Let h = 397 - 358. What is the remainder when 36 is divided by ((-208)/h)/(4/(-6))?
4
Let h be (-9 - -8)*(-13 - -3). Suppose k - 26 = h. Suppose 2*o + 40 = 2*l + 4, 5*o + 33 = 2*l. What is the remainder when k is divided by l?
17
Let d(u) = 2*u**2 + 31*u - 143. What is the remainder when d(-20) is divided by 29?
8
Let g be -1 + 9 + 1 - (-1 + 5). Suppose 3*m = -w - 3*w - g, 2*m = 3*w + 25. What is the remainder when 60 is divided by m?
0
Suppose 2*q - 27 = -y, -201*y = -205*y - 5*q + 90. Let s be (-4 + 1)/((-6)/(-12)). What is the remainder when 162 + 2 + (s - -5) is divided by y?
13
Let r be (27/(-12))/((-6)/256). Suppose 28*l = 22*l - r. Let b(z) = z**3 + 17*z**2 + 14*z - 27. What is the remainder when 32 is divided by b(l)?
2
Suppose 0 = -122*s + 435*s - 5634. Let p = 310 + -170. What is the remainder when p is divided by s?
14
Suppose 56*i = -4*r + 60*i + 7200, 0 = 5*r + 2*i - 9042. Calculate the remainder when r is divided by 16.
14
Let k(z) = 6*z**2 + z - 2. Let d be k(-9). Let v = -333 + d. Let n(x) = -5*x + 39. What is the remainder when v is divided by n(3)?
22
Suppose -159 = -u - 2*s, 5*s + 953 = 4*u + 278. Calculate the remainder when u is divided by 2 + -8 + 10 + 21.
15
Let g(b) be the first derivative of b**4/4 - 29*b**3/3 - 63*b**2/2 + 71*b + 17. Calculate the remainder when g(31) is divided by 17.
6
Suppose 125*d = 128*d - 384. Let x = d + -125. What is the remainder when 100 is divided by x?
1
Suppose 12 + 6 = 3*x. Suppose -x*w = -w - 50. Calculate the remainder when w/((-4)/36*12/(-2)) is divided by 12.
3
Let h = 6 - 7. Let c be h - 2 - (8 + -11). Suppose 104 = 3*o + j, 2*o + c*o - 61 = j. What is the remainder when o is divided by 9?
6
Let b = -25834 - -25934. What is the remainder when 2787 is divided by b?
87
Let r = 5716 + -5350. What is the remainder when r is divided by 357?
9
Let m(i) = 31*i - 54. Let j be m(5). Suppose 4*x = -s + j, -11 = -4*x - 7. Calculate the remainder when s is divided by 22.
9
Suppose -2*l - 94 = -3*j, -52 = -5*l + j - 300. Suppose u = 156 - 28. Let t = l + u. What is the remainder when t is divided by 20?
18
Suppose -2*o - 5*b + 275 = 3*o, -4*o + 4*b = -180. Let r be (-40)/(-6)*1620/o. Suppose 4*v + 5*v - r = 0. Calculate the remainder when v is divided by 5.
4
Let u(d) = -9*d - 58. Let i be u(-7). Suppose 3*m - h - 1700 = 0, -5*h = i*m - 0*h - 2820. Calculate the remainder when m is divided by 63.
62
Let d = 2106 + -1901. Calculate the remainder when d is divided by 5.
0
Suppose -105 = 4*z - 113. Suppose 4*u = -4*j + 60, j - 5 = z*u + 4. What is the remainder when j is divided by 10?
3
Let a = 217 - -32. Let d = 64 - a. Let g = 298 + d. Calculate the remainder when g is divided by 30.
23
Let s(q) = 4*q**2 + 2*q - 2. Suppose 108 - 18 = 10*l. What is the remainder when l/27 - 348/(-9) is divided by s(-2)?
9
Suppose -2*o + 396 = -2*i, 41*i = 2*o + 38*i - 395. Calculate the remainder when o is divided by 21.
10
Let t = -39 + 57. Suppose 3*k - 261 = -267, 5*h + 4*k = 307. What is the remainder when h is divided by t?
9
Let y = -26 - -58. Let q = y + -30. What is the remainder when 15 is divided by 9/q*4/(-6) - -11?
7
Let r = -2509 + 2915. What is the remainder when r is divided by 104?
94
Suppose 0 = -3*b + 2*d + 1994, -245*b = -240*b - 3*d - 3324. Calculate the remainder when b is divided by 574.
92
Let t = 163 + -150. Let s(p) = -p**3 + 14*p**2 - 4*p - 20. What is the remainder when s(t) is divided by 10?
7
Let y = 26 + -14. What is the remainder when 2*((-14)/(-63) - 8979/(-54)) is divided by y?
9
Let v = -237 - -345. What is the remainder when v is divided by (3055/188*8/(-6))/(1/(-3))?
43
Let h = -9065 - -14954. What is the remainder when h is divided by 10?
9
Let w(k) = 92*k + 30. Let o be w(-2). Let x = o + 222. What is the remainder when 199 is divided by x?
63
Suppose 53 + 95 = 2*i. Suppose -7*r - 103 = -2*u - 384, -3*u = 2*r - 66. What is the remainder when i is divided by r?
35
Let u = 543 + -422. What is the remainder when (-2)/(0 - (2 - 240/u)) is divided by 42?
37
Suppose 4*f - 2*f - 3*k - 45 = 0, f + k = 25. Let r = f - 23. Suppose r = -v + 11. Calculate the remainder when v is divided by 6.
4
Let k = -28500 - -28746. Calculate the remainder when k is divided by 9.
3
What is the remainder when 1537 is divided by -4*8/32*-5 - (-60)/3?
12
Let k(o) = -2*o + 50. Suppose -p - g + 2 = 0, g = p + 4*g - 10. Let m be (324/(-10))/p + (-4)/20. Calculate the remainder when 106 is divided by k(m).
16
Let b(d) = 2*d**2 + 7*d + 6. Let p be b(-4). Let w = -880 - -880. Suppose 5*n - p*n + 425 = w. Calculate the remainder when n is divided by 44.
41
What is the remainder when 3917 is divided by 25 + (221/(-39) - -5) + 26/3?
23
Suppose -20898 = -60*d - 69*d. Calculate the remainder when d is divided by 24.
18
Let m = 24422 - 24290. Calculate the remainder when m is divided by 34.
30
Suppose -4*j + 3*k + 64 = 0, -5*j + 42 + 37 = -4*k. Suppose -3*q = -63 - 447. What is the remainder when q is divided by j?
18
Let u(j) = -j**3 + 6*j**2 + 24*j - 46. Calculate the remainder when 1076 is divided by u(8).
14
Let x = -31 - -31. Suppose x = -11*g + 5*g + 666. Suppose -124 = -4*m - 8. Calculate the remainder when g is divided by m.
24
Let h(z) = z**2 - z**2 + 1 - 9*z - z**2. Suppose 8*k + 44 + 12 = 0. Calculate the remainder when 29 is divided by h(k).
14
Let b(p) = -2*p**2 + 216*p + 504. Calculate the remainder when b(44) is divided by 20.
16
Calculate the remainder when 1252 is divided by ((-76)/(-190))/((-1)/(-210)).
76
Suppose -19*o - 2*o + 819 = 0. Calculate the remainder when 297 is divided by o.
24
Let l = 317 - 282. Calculate the remainder when 194 is divided by (l/(-21))/((-20)/264).
18
Let u = -4674 + 4702. What is the remainder when (-3)/5 - 456/(-10) is divided by u?
17
Suppose 35*l = 33*l + 6, -11*v + 197 = -4*l. Suppose -3*c = -2*d + 11, 7*d - 4*d - 5*c - 16 = 0. Let x = d + v. What is the remainder when 51 is divided by x?
25
Let i(t) = -3*t - 9. Let s be i(-5). Let f = -17 - -39. What is the remainder when s*(-43)/(-4) + 1/2 is divided by f?
21
Let t(i) = -i**3 + 9*i**2 + 2*i + 8. Let z = 418 + -56. Let g = -311 + z. What is the remainder when g is divided by t(9)?
25
Suppose 235 = 3*b + 4*y, 5*b + 2*y - 106 = 295. Calculate the remainder when (-1)/5 + (-22)/(-10) + b is divided by 19.
7
Suppose 4*y = 5*y - 4*a - 1113, 3*a = 4*y - 4530. Calculate the remainder when y is divided by 35.
17
Let o(k) = 5*k - 3. Suppose 1933018 - 1932960 = 29*c. What is the remainder when o(7) is divided by c?
0
Suppose 31*w - 3*k - 36 = 27*w, -4*w = -k - 52. Calculate the remainder when 1358 is divided by w.
8
Suppose 3*d - 4*a = 2*d - 38, 2*d - 2*a = -88. Let i = d - 89. Calculate the remainder when 18 is divided by 2/(-9) + (-1380)/i.
8
What is the remainder when 27/((-81)/(-1230)) - 4 is divided by 121?
43
Let l(i) = -2*i**3 + 5*i**2 + 20*i - 38. What is the remainder when l(-5) is divided by 65?
42
Let a(c) = c**3 - 50*c**2 - 84*c - 349. Calculate the remainder when a(54) is divided by 23.
17
Suppose -31*q + 26*q + 45 = 0. Calculate the remainder when (q + -10)*58*(2 - 3) is divided by 20.
18
What is the remainder when (12 - 23 - (-152520)/42) + (-8)/(-14) is divided by 151?
148
Let h = -220 - -4. Calculate the remainder when 277 is divided by (-7 - (-120)/18)*h.
61
Let y(n) = n**3 - 16*n**2 + 3*n - 29. Suppose 34 = -q + 50. Calculate the remainder when 64 is divided by y(q).
7
Let n = 202 + -348. Let s be 4/(-8)*n - 0. Calculate the remainder when (-7)/28 - s/(-4) is divided by 5.
3
Suppose 0*g - 4*g = -8. What is the remainder when (-260)/(-364) - (4/7)/(-2) is divided by 20/16 + g/(-8)?
0
Suppose 3*n - 81 = -r, 409 = 4*r - 3*n - 2*n. Let v be (-6)/(-4)*(4 + r). What is the remainder when (2/(-5))/((-15)/v) is divided by 1?
0
Let q = 63 + 314. Let r = q - 364. What is the remainder when 35 is divided by r?
9
Suppose 360 = -52*i + 16*i. Calculate the remainder when 478/5*(i + 15) + -1 is divide